0121212
What is -1110010 (base 2) in base 10?
-114
Convert 27764 (base 8) to base 16.
2ff4
1023 (base 6) to base 10
231
What is 59744 (base 10) in base 3?
10000221202
Convert 253c (base 15) to base 2.
1111011111100
Convert -727 (base 10) to base 2.
-1011010111
-219 (base 12) to base 10
-309
11010111111 (base 2) to base 10
1727
What is -252 (base 10) in base 13?
-165
2312 (base 5) to base 8
514
What is -212122002 (base 3) in base 8?
-41514
Convert -224 (base 8) to base 4.
-2110
What is 82b (base 15) in base 2?
11100110001
-1622 (base 8) to base 14
-494
-31200302 (base 4) to base 3
-2210220212
43330 (base 7) to base 10
10801
What is -56415 (base 8) in base 2?
-101110100001101
17b (base 13) to base 16
10f
e8b (base 15) to base 13
1655
-2040 (base 7) to base 5
-10324
What is -142 (base 10) in base 4?
-2032
-1ec9 (base 15) to base 9
-10180
Convert 1a13 (base 11) to base 14.
d07
Convert 2045 (base 11) to base 8.
5227
Convert -261125 (base 7) to base 13.
-19076
What is 301 (base 13) in base 14?
284
Convert 398 (base 10) to base 4.
12032
43052 (base 8) to base 9
26567
Convert 61075 (base 8) to base 15.
76b9
Convert -649 (base 11) to base 13.
-47c
What is -409 (base 11) in base 4?
-13231
What is -417 (base 14) in base 12?
-571
179 (base 10) to base 6
455
-1462 (base 12) to base 11
-1872
-11641 (base 7) to base 14
-1191
What is 4253 (base 6) in base 12?
689
What is -102624 (base 7) in base 2?
-100010110001101
-320 (base 5) to base 15
-5a
What is -302 (base 8) in base 4?
-3002
-9c2 (base 16) to base 10
-2498
-130 (base 13) to base 3
-21201
What is 10221222 (base 3) in base 7?
11264
What is 6549 (base 10) in base 14?
255b
-1101022 (base 3) to base 2
-1111101111
-445 (base 6) to base 16
-ad
What is -102 (base 11) in base 15?
-83
-283 (base 14) to base 7
-1323
Convert -367 (base 8) to base 9.
-304
Convert -4357 (base 11) to base 4.
-1121311
4003 (base 8) to base 15
91b
7429 (base 16) to base 4
13100221
45a3 (base 11) to base 8
13632
Convert -101001 (base 2) to base 11.
-38
What is b09d (base 14) in base 11?
20867
3853 (base 11) to base 10
5019
Convert 210011 (base 3) to base 13.
34c
14 (base 5) to base 6
13
-1732 (base 15) to base 6
-35045
2035 (base 13) to base 3
20002101
Convert a6 (base 12) to base 5.
1001
9152 (base 10) to base 12
5368
-223322 (base 4) to base 11
-2125
1001 (base 10) to base 14
517
What is -17982 (base 12) in base 13?
-1276a
3233 (base 5) to base 7
1202
1d78 (base 16) to base 14
2a6c
Convert -1221 (base 12) to base 15.
-911
3ae (base 15) to base 5
11324
ca2 (base 16) to base 4
302202
-1030310 (base 4) to base 7
-20222
1328 (base 10) to base 3
1211012
What is 1223210 (base 4) in base 2?
1101011100100
What is 838c (base 15) in base 7?
144033
What is 4110442 (base 5) in base 8?
201504
Convert 1021112 (base 3) to base 15.
422
What is -54151 (base 9) in base 12?
-188b4
Convert -11305 (base 7) to base 9.
-3867
Convert 6783 (base 9) to base 5.
130031
-10255 (base 6) to base 16
-57b
100165 (base 8) to base 14
bdad
What is 99 (base 12) in base 6?
313
Convert 2828 (base 12) to base 16.
1220
What is -17c5 (base 15) in base 14?
-1c2b
-3117 (base 8) to base 3
-2012211
Convert -129a (base 11) to base 16.
-692
What is -37150 (base 8) in base 15?
-4b01
What is 51b (base 12) in base 8?
1347
Convert 241510 (base 7) to base 6.
534501
-873 (base 9) to base 7
-2040
What is -102011211 (base 3) in base 5?
-230044
Convert -658 (base 14) to base 7.
-3441
What is 6958 (base 11) in base 6?
110150
Convert 10330 (base 4) to base 2.
100111100
111000100 (base 2) to base 7
1214
Convert 25671 (base 8) to base 7.
44430
111122 (base 5) to base 3
12100220
Convert -2380 (base 15) to base 6.
-54533
-73b6 (base 14) to base 8
-46764
Convert -2131032 (base 4) to base 5.
-310222
What is -1310021 (base 4) in base 12?
-4375
What is 1108 (base 9) in base 5?
11233
What is -9509 (base 12) in base 2?
-11111110011001
446 (base 10) to base 2
110111110
Convert 2476 (base 10) to base 14.
c8c
Convert 67be (base 16) to base 14.
9970
909 (base 13) to base 12
a76
1100001000000 (base 2) to base 12
3714
10000110 (base 3) to base 16
897
What is 1669 (base 11) in base 8?
4124
Convert -311101 (base 5) to base 2.
-10011110100111
1c8b (base 13) to base 9
5852
-5db (base 15) to base 9
-1738
12202 (base 4) to base 12
2aa
What is 204 (base 9) in base 11?
141
What is -68 (base 12) in base 15?
-55
Convert 23771 (base 8) to base 4.
2133321
121321 (base 5) to base 4
1013222
Convert -11a9 (base 16) to base 4.
-1012221
What is 2c (base 13) in base 16?
26
Convert 100013 (base 4) to base 11.
858
10101111111000 (base 2) to base 16
2bf8
-1000110110 (base 2) to base 10
-566
Convert 1483 (base 9) to base 2.
10001101000
414a (base 11) to base 2
1010101111011
-383 (base 11) to base 12
-31a
Convert -22241 (base 6) to base 16.
-c31
What is 2110012 (base 3) in base 2?
11011111011
Convert 92 (base 15) to base 9.
162
811 (base 13) to base 8
2526
What is -1994 (base 11) in base 10?
-2523
Convert 1100003 (base 4) to base 16.
1403
What is 4240 (base 5) in base 3?
210010
22230 (base 4) to base 7
1665
14154 (base 10) to base 2
11011101001010
Convert -1011100111100 (base 2) to base 8.
-13474
-7053 (base 13) to base 4
-3301113
Convert 1e05 (base 15) to base 10.
6530
202022 (base 4) to base 9
2888
What is 442 (base 12) in base 3?
212012
Convert -22134 (base 6) to base 8.
-6012
What is -57882 (base 9) in base 15?
-b6a5
What is f510 (base 16) in base 14?
18c12
Convert 20252 (base 8) to base 7.
33244
-540 (base 7) to base 9
-333
What is -4b11 (base 12) in base 3?
-102200011
What is 202102022 (base 3) in base 13?
6a10
What is 20403 (base 5) in base 14?
6c9
Convert -1682 (base 13) to base 11.
-2546
What is 203312 (base 4) in base 6?
14342
Convert -4815 (base 15) to base 6.
-154532
Convert 335 (base 9) to base 8.
423
Convert -3a (base 11) to base 4.
-223
Convert 13121 (base 5) to base 6.
4444
-40031 (base 7) to base 2
-10010110011010
-123223 (base 5) to base 11
-3686
What is -48a5 (base 11) in base 8?
-14407
-aa (base 13) to base 14
-a0
-8380 (base 11) to base 8
-25533
-aa0 (base 12) to base 10
-1560
Convert 577 (base 8) to base 12.
27b
What is 63407 (base 9) in base 3?
2010110021
16712 (base 11) to base 13
a8c9
Convert 43331 (base 6) to base 16.
1747
Convert -1011111100 (base 2) to base 3.
-1001022
-11121003 (base 4) to base 8
-53103
-a13 (base 12) to base 3
-1222220
-3540 (base 6) to base 13
-507
Convert 212120 (base 5) to base 12.
4188
Convert -22c (base 15) to base 4.
-13230
Convert -8d (base 15) to base 9.
-157
What is -310130 (base 6) in base 9?
-36760
-21120 (base 4) to base 15
-2a0
Convert -43152 (base 8) to base 10.
-18026
Convert -11 (base 9) to base 15.
-a
What is 114 (base 13) in base 12?
136
10413 (base 8) to base 10
4363
-1211021 (base 3) to base 11
-aaa
-1ba6 (base 13) to base 14
-1756
What is -2458 (base 12) in base 11?
-3098
What is -30041 (base 6) in base 10?
-3913
21010112 (base 3) to base 4
1101032
20342 (base 5) to base 10
1347
What is -103110 (base 4) in base 8?
-2324
-1152 (base 8) to base 5
-4433
-646 (base 9) to base 7
-1353
-145221 (base 6) to base 15
-42ba
What is -1a13 (base 11) in base 7?
-10310
What is 20221 (base 8) in base 11?
629a
Convert 11134 (base 5) to base 16.
31a
Convert 120220 (base 3) to base 4.
12231
What is -18130 (base 12) in base 9?
-52580
What is -6168 (base 15) in base 13?
-9497
What is -27c2 (base 13) in base 11?
-4344
What is da (base 16) in base 5?
1333
What is 708 (base 9) in base 7?
1451
Convert 2430 (base 5) to base 10.
365
Convert -616 (base 15) to base 12.
-963
What is -303 (base 11) in base 7?
-1032
Convert 15354 (base 7) to base 16.
10ce
What is 653 (base 7) in base 8?
514
What is -1221 (base 4) in base 9?
-126
173 (base 9) to base 13
b4
2112121 (base 3) to base 14
964
-1cb3 (base 13) to base 2
-1000100010011
1000100010011001 (base 2) to base 6
425521
130 (base 12) to base 16
b4
What is -3382 (base 10) in base 6?
-23354
Convert 12332 (base 7) to base 6.
23025
-681 (base 12) to base 11
-7a4
Convert -100100100110001 (base 2) to base 11.
-13094
What is 141252 (base 7) in base 12?
13689
What is -2331 (base 5) in base 3?
-110122
What is 18 (base 15) in base 16?
17
What is -2302331 (base 4) in base 2?
-10110010111101
Convert -1110232 (base 4) to base 3.
-21102211
-388b (base 13)